{"id":3226,"date":"2020-07-17T21:19:13","date_gmt":"2020-07-17T21:19:13","guid":{"rendered":"https:\/\/coverup.pro\/?post_type=product&#038;p=3226"},"modified":"2025-07-25T17:32:25","modified_gmt":"2025-07-25T17:32:25","slug":"soporte-doble-elektron-digitakt-digitone","status":"publish","type":"product","link":"https:\/\/coverup.pro\/producto\/soporte-doble-elektron-digitakt-digitone\/","title":{"rendered":"Soporte doble Elektron Digitakt\/Digitone\/Syntakt\/Heat"},"content":{"rendered":"","protected":false},"excerpt":{"rendered":"<p>Este soporte especialmente dise\u00f1ado para\u00a0\u00a0Elektron Digitakt \/ Digitone \/ Heat, se atornilla desde abajo al chasis del equipo aprovechando sus puntos de anclaje universal Vesa y permiten usar los equipos en una posici\u00f3n inclinada mucho m\u00e1s ergon\u00f3mica.<\/p>\n<p>Lo bueno de los soportes dobles es que permiten mejorar la posici\u00f3n de control sobre el equipo ya la vez ahorrar mucho espacio en el estudio.<\/p>\n<p>El soporte doble es compatible con nuestros covers protectores.<\/p>\n<p>Compatible con Digitone, Digitakt, Analog Heat I y II.<\/p>\n<p>Cada soporte tiene un rebaje para colocar patas de silicona para evitar que el equipo resbale o raye.<\/p>\n<p>Incluye los dos pies, los tornillos para su colocaci\u00f3n y las patas de silicona.<\/p>\n","protected":false},"featured_media":3233,"template":"","meta":[],"product_brand":[],"product_cat":[25],"product_tag":[124,125,81,76,266,126],"class_list":{"0":"post-3226","1":"product","2":"type-product","3":"status-publish","4":"has-post-thumbnail","6":"product_cat-soportes","7":"product_tag-digitakt","8":"product_tag-digitone","9":"product_tag-doble","10":"product_tag-elektron","11":"product_tag-heat","12":"product_tag-syntakt","14":"first","15":"instock","16":"shipping-taxable","17":"purchasable","18":"product-type-simple"},"_links":{"self":[{"href":"https:\/\/coverup.pro\/wp-json\/wp\/v2\/product\/3226","targetHints":{"allow":["GET"]}}],"collection":[{"href":"https:\/\/coverup.pro\/wp-json\/wp\/v2\/product"}],"about":[{"href":"https:\/\/coverup.pro\/wp-json\/wp\/v2\/types\/product"}],"wp:featuredmedia":[{"embeddable":true,"href":"https:\/\/coverup.pro\/wp-json\/wp\/v2\/media\/3233"}],"wp:attachment":[{"href":"https:\/\/coverup.pro\/wp-json\/wp\/v2\/media?parent=3226"}],"wp:term":[{"taxonomy":"product_brand","embeddable":true,"href":"https:\/\/coverup.pro\/wp-json\/wp\/v2\/product_brand?post=3226"},{"taxonomy":"product_cat","embeddable":true,"href":"https:\/\/coverup.pro\/wp-json\/wp\/v2\/product_cat?post=3226"},{"taxonomy":"product_tag","embeddable":true,"href":"https:\/\/coverup.pro\/wp-json\/wp\/v2\/product_tag?post=3226"}],"curies":[{"name":"wp","href":"https:\/\/api.w.org\/{rel}","templated":true}]}}