{"id":4942,"date":"2024-12-30T15:10:31","date_gmt":"2024-12-30T15:10:31","guid":{"rendered":"https:\/\/coverup.pro\/?post_type=product&#038;p=4942"},"modified":"2024-12-30T15:10:31","modified_gmt":"2024-12-30T15:10:31","slug":"soporte-multielektron","status":"publish","type":"product","link":"https:\/\/coverup.pro\/producto\/soporte-multielektron\/","title":{"rendered":"Soporte Multielektron"},"content":{"rendered":"","protected":false},"excerpt":{"rendered":"<p>El soporte Multielektron consta de 5 partes, que seg\u00fan c\u00f3mo se las ensamble permitir\u00e1 usarlo como soporte simple, doble o triple.<br \/>\nEn su configuraci\u00f3n de soporte triple, permite colocar dos Elektron chicas (Digitakt, Digitone, Syntakt, Analog Heat) en su parte inferior y una Elektron grande (MK1 o MK2) en su parte superior.<br \/>\nA su vez, cada mitad (inferior y superior), que est\u00e1n unidas por tornillos, se pueden separar y utilizar como soportes simples.<\/p>\n<p>Gracias a la versatilidad de este dise\u00f1o, tambi\u00e9n se puede armar como soporte doble, quitando la pieza central y ensamblando todo s\u00f3lo con las varillas cortas.<br \/>\nResulta ideal para los usuarios de las m\u00e1quinas Elektron que busquen agruparlas en una s\u00f3la estructura, ahorrando espacio y sumando confort durante su uso.<\/p>\n<p>El soporte viene provisto de un set de varillas para su armado, patitas de silicona para que no raye ni resbale y los tornillos correspondientes.<\/p>\n","protected":false},"featured_media":4929,"template":"","meta":[],"product_brand":[],"product_cat":[25],"product_tag":[236,122,127,124,125,76,234,233,133,235,135,123,126],"class_list":{"0":"post-4942","1":"product","2":"type-product","3":"status-publish","4":"has-post-thumbnail","6":"product_cat-soportes","7":"product_tag-a4","8":"product_tag-analog-four","9":"product_tag-analog-heat","10":"product_tag-digitakt","11":"product_tag-digitone","12":"product_tag-elektron","13":"product_tag-elektron-mk2","14":"product_tag-elelktron-mk1","15":"product_tag-machinedrum","16":"product_tag-monomachine","17":"product_tag-octatrack","18":"product_tag-rytm","19":"product_tag-syntakt","21":"first","22":"instock","23":"shipping-taxable","24":"purchasable","25":"product-type-simple"},"_links":{"self":[{"href":"https:\/\/coverup.pro\/wp-json\/wp\/v2\/product\/4942","targetHints":{"allow":["GET"]}}],"collection":[{"href":"https:\/\/coverup.pro\/wp-json\/wp\/v2\/product"}],"about":[{"href":"https:\/\/coverup.pro\/wp-json\/wp\/v2\/types\/product"}],"wp:featuredmedia":[{"embeddable":true,"href":"https:\/\/coverup.pro\/wp-json\/wp\/v2\/media\/4929"}],"wp:attachment":[{"href":"https:\/\/coverup.pro\/wp-json\/wp\/v2\/media?parent=4942"}],"wp:term":[{"taxonomy":"product_brand","embeddable":true,"href":"https:\/\/coverup.pro\/wp-json\/wp\/v2\/product_brand?post=4942"},{"taxonomy":"product_cat","embeddable":true,"href":"https:\/\/coverup.pro\/wp-json\/wp\/v2\/product_cat?post=4942"},{"taxonomy":"product_tag","embeddable":true,"href":"https:\/\/coverup.pro\/wp-json\/wp\/v2\/product_tag?post=4942"}],"curies":[{"name":"wp","href":"https:\/\/api.w.org\/{rel}","templated":true}]}}